n. Calculate the greatest common divisor of 45 and n.
15
Let j(s) = s**3 + 9*s**2 + 15*s + 6. Let d be j(-6). Calculate the highest common divisor of 120 and d.
24
Let n = 6 - 4. Suppose n*s - 11 = -3. Suppose -i = -4*i - 2*c + 14, 0 = 4*i - 3*c - 13. Calculate the greatest common factor of s and i.
4
Let w be (-99)/(-15) + (-3 - (-24)/10). Calculate the highest common factor of w and 42.
6
Suppose -5*x - 25 = -10*x. What is the greatest common factor of 2 and x?
1
Suppose r = -2*x + 57, 4*r - 252 + 24 = x. Calculate the highest common factor of 627 and r.
57
Let a(k) = -k**2 + 1. Let b be a(-2). Let q be ((-490)/(-3))/(-5)*b. Let s be (-1 - 3)/((-6)/21). What is the highest common factor of s and q?
14
Let h be 8/(-18) + 1040/234. Let y = 86 + -39. Let x = -15 + y. Calculate the greatest common divisor of h and x.
4
Let z be (-6 + 7)/((-3)/(-6)). Let g be (-5)/z*(-1 + -1). What is the greatest common divisor of g and 40?
5
Let a = -25 - -39. Let c be ((-2)/4)/(11/(-2772)). What is the greatest common factor of c and a?
14
Let n be (-6 + 4)*(-18)/4. What is the highest common factor of 27 and n?
9
Let d(b) = -b**3 + 2*b**2 + 4*b - 2. Let o be d(-3). What is the highest common factor of o and 217?
31
Let x be (-4)/1*14/8. Let f = x - -43. Suppose 2*k - 270 = -3*k - 2*q, -2*k = -4*q - 108. What is the greatest common factor of f and k?
18
Let j(i) = -i. Let t be j(3). Let s be t + (-26)/6*-3. Calculate the greatest common factor of s and 4.
2
Let i = 24 - 19. Let g = -5 - -7. What is the highest common factor of i and g?
1
Suppose 11*u + 80 = 13*u. Let z(q) = -q - 1. Let g(p) = -4*p - 3. Let y(w) = 4*g(w) - 14*z(w). Let h be y(-3). Calculate the highest common divisor of u and h.
8
Suppose -49 = -k + 4*b, -3*b + 5 = 2*k - 82. Calculate the greatest common factor of k and 5.
5
Let w = -57 - -148. Let t be 1/(-3) - (-40)/3. Calculate the highest common factor of w and t.
13
Suppose m + m - 76 = -5*l, 0 = m + 5*l - 48. What is the highest common factor of m and 112?
28
Suppose -2*r - 10 = -42. What is the greatest common divisor of 24 and r?
8
Let w be (-2)/7 - (-15)/(-21). Let l be (-2*1)/(w/(-1)). Let q be 32/2 - (l - 0). What is the highest common divisor of q and 6?
6
Let l(r) = -r + 19. Let n be l(10). Let o = n + -6. What is the greatest common factor of o and 9?
3
Let d = 39 - 27. What is the greatest common factor of d and 30?
6
Let p = -4 + -6. Let a = 11 + p. What is the greatest common divisor of 9 and a?
1
Let g = -17 + 20. Suppose 4*s + 2*a = 24, 0 = -2*s + 4*a - g + 35. Calculate the greatest common factor of s and 8.
8
Suppose 0 = -2*g + 58 + 18. Suppose -2*m - m - z + 165 = 0, 0 = 5*m - 2*z - 286. Let d = m - g. Calculate the greatest common factor of 144 and d.
18
Suppose -12 = -2*x + 12. Let b be (6/8)/(3/x). Let q be 128/3 - 2/b. What is the greatest common factor of q and 6?
6
Suppose -5*l = -2*s - 3, -3*s - 4*l + 3 + 4 = 0. Let h = s - -5. What is the highest common factor of 6 and h?
6
Let i(f) = -21*f - 10. Let v be i(-10). Let u(t) = -6*t. Let j be u(-1). Suppose -v = y - j*y. Calculate the highest common divisor of 8 and y.
8
Let q = -20 - -30. What is the greatest common factor of 2 and q?
2
Let t(c) = -c**3 - 4*c**2 + 2*c + 1. Let l be t(-4). Let a = l - -5. Let n be 3 + -2*19/a. What is the highest common factor of n and 55?
11
Suppose 5*l + 30 = -d, -l + 10*d = 5*d + 32. Let p(o) = -o**3 - 5*o**2 + 11*o + 4. Let k be p(l). Calculate the highest common factor of 275 and k.
25
Suppose -2*m - w + 241 = 16, -5*m + 570 = 4*w. What is the greatest common divisor of 44 and m?
22
Suppose 0*w = -3*w + 5*t + 9, -3*t - 15 = -5*w. Let v be 1/(-1*w/(-9)). Let n(p) = 5*p. Let b be n(v). Calculate the greatest common factor of 15 and b.
15
Suppose 3*b = b - 78. Let q = -19 - b. Calculate the greatest common divisor of q and 80.
20
Let o be ((-8)/(-3))/((-2)/(-21)). Let v = -15 + o. Let g = 19 - -85. What is the greatest common divisor of v and g?
13
Let t be (-22)/(-6) + -1 + 24/18. Calculate the greatest common factor of t and 44.
4
Suppose 0*b = -2*b + 30. Let c(y) = 2*y**2 + y - 6. Let h be c(-6). Calculate the highest common divisor of h and b.
15
Suppose -2*v + 90 = 2*j + j, 2*j - v - 53 = 0. Calculate the greatest common factor of j and 224.
28
Let a = 26 + -16. What is the highest common factor of 20 and a?
10
Suppose s + 3*s + 5*v = -1, 0 = v - 3. Let d be ((-2)/3)/(s/36). Suppose 0 = -j - 2*x - d, 3*j - 4*x = j + 28. Calculate the greatest common factor of j and 4.
4
Let f(y) = 334*y + 6. Let d be f(7). Suppose -3*m - d = -7*m. Suppose 0 = -5*b - 91 + m. Calculate the highest common factor of 11 and b.
11
Let c be 78/5 - 3/((-15)/2). Suppose r - 48 = -2*r. What is the highest common factor of c and r?
16
Suppose 51 = 2*o + g, 7*g - 57 = -2*o + 4*g. Calculate the highest common divisor of 312 and o.
24
Let r(u) = u**3 - 2*u**2 - 4*u - 4. Let n be r(4). Let h be (2 - 2)*(0 - 1). Suppose -c = -h*c - 48. What is the highest common factor of n and c?
12
Suppose -51 = 2*l - 3*l. Calculate the greatest common factor of 17 and l.
17
Let l be (0 - 15/(-2))*(-30)/(-25). Calculate the highest common factor of 9 and l.
9
Let g be -1 + 1 + (-2 - 8). Let h(y) = -y**3 - 8*y**2 + 10*y - 13. Let x be h(g). What is the greatest common factor of 58 and x?
29
Let h = -5 - -6. Suppose -i - h = 2*n - 3, 4 = -n. Calculate the highest common factor of i and 2.
2
Let q = 48 - 34. What is the highest common divisor of 42 and q?
14
Suppose -25 = 4*q - 9*q. Let a be 2/1 - 1*-24. Suppose 2*g - 14 = a. Calculate the greatest common divisor of q and g.
5
Suppose -20 = -6*z + 2*z. Suppose m - 388 = -5*h + 379, 3*h - 447 = -5*m. Suppose -z*q + h = -3*q. Calculate the greatest common divisor of 11 and q.
11
Let s = -405 + 570. Calculate the greatest common factor of s and 66.
33
Suppose 0 = 3*f - 13 + 4. Let n be ((-1)/(-2))/((-1)/(-78)). Let p be -32*(f + n/(-6)). What is the greatest common factor of 14 and p?
14
Suppose -5*s + 5*u = 15 - 440, -5 = u. What is the highest common divisor of s and 10?
10
Let k = 248 + -168. Let t be (-1 - -3) + 3 + -14. Let x be ((-12)/t)/((-1)/(-12)). Calculate the greatest common factor of x and k.
16
Let c be 1/(-2)*5*-6. What is the highest common factor of 6 and c?
3
Let k(x) = 5*x + 1. Let t be k(3). What is the greatest common factor of t and 4?
4
Let a(s) = s**2 + 6*s - 1. Let h be a(-4). Let u = -34 + 60. Let k = u - h. Calculate the highest common factor of 5 and k.
5
Let x be (-5)/7 + 6/(-21). Let n be (14/2)/(x/(-2)). Let q = 3 + 123. Calculate the greatest common divisor of n and q.
14
Suppose -4*g - 8 = -3*d + 3, 4*g + 14 = 2*d. Let c be (-1)/2*d*-2. Let z = 0 - c. What is the greatest common factor of 12 and z?
3
Suppose -4*p - 2*a = -174, 0*a = -4*a - 20. Suppose -3*r + 165 = 4*w, 2*w - p = 2*r + 54. Calculate the highest common divisor of 15 and w.
15
Suppose 0 = -2*u - 4*a - a - 9, 3*u - 15 = 2*a. Let j be 36 + 3/(-1) + u. What is the highest common divisor of j and 12?
12
Let p be (28/(-70))/(2/(-55)). Calculate the highest common factor of 22 and p.
11
Suppose -28 = 4*v + 4*x, 7*v + 8 = 2*v + 4*x. Let s be (-1 - (-3 - -36))*v. Calculate the highest common factor of s and 17.
17
Let g = -2 - -1. Let t be g/(3/57*-1). Calculate the greatest common divisor of t and 76.
19
Let u be (-6 - -10)*1*-3. Let v = u - -25. Calculate the highest common factor of 39 and v.
13
Let s(v) = v**2 + v + 22. Let c be s(0). Suppose t - 393 = -2*f + 2*t, 6 = 2*t. What is the highest common divisor of c and f?
22
Let w = 29 + 79. What is the highest common divisor of 18 and w?
18
Suppose 2*w + 5*s - 10 = 0, -5*w + 9 + 54 = 3*s. Let b = -8 + 13. Let t = 25 + b. What is the greatest common factor of w and t?
15
Let a be -1*(-5 - (0 - 4)). What is the greatest common factor of a and 6?
1
Suppose 0*i - 2*i = 8. Let s = i + -2. Let d be 27/s*4/(-3). Calculate the greatest common factor of d and 66.
6
Let m(l) = l**3 - 11*l**2 + 10*l + 16. Let o be m(10). Calculate the greatest common factor of 16 and o.
16
Suppose 5*y + 4*b + 1 = -0*b, 0 = 3*y + 5*b + 11. Calculate the highest common divisor of y and 24.
3
Let r be (1 - 0)/(13/91). What is the greatest common factor of r and 7?
7
Suppose -4*m - 5*s = 41 - 1, 0 = 5*m - s + 21. Let 